 = -q**3 - 5*q**2 + 7*q + 9. Let v be o(f). Suppose -285 - 204 = -v*r. Is r composite?
False
Let r be 5/((-10)/(-6)) + -1. Suppose 5*u - 365 = -4*y, y + 169 = 2*u - r*y. Is u prime?
False
Suppose -2*z = -4*z + 30. Is ((-7)/(-1))/(3/z) a composite number?
True
Let j be 13/5 - (-4)/10. Let l(d) = d**3 + 1 + 3*d + d**3 - 2 - j*d**2. Is l(3) prime?
False
Suppose -10*t + 3644 = -6*t. Is t a prime number?
True
Let o = -536 - -1088. Suppose -4*b + o - 128 = 5*r, 5*r = b - 106. Is b composite?
True
Suppose -4*m - 1361 = -2*z - 3*m, -z - 3*m + 670 = 0. Is z composite?
True
Let v(y) = -y**3 + 2*y**2 + 4*y. Let u be v(3). Let n(p) = -3 - 3 + 4*p**2 + 1 - u*p. Is n(4) a prime number?
True
Let f(k) = k**3 - k**2 - 8*k + 9. Let a = 4 - -2. Is f(a) a composite number?
True
Suppose -5*d + 15201 = 2*i, -2*d - 3 + 1 = 0. Is i prime?
True
Suppose 7*q - 6*q = -59. Let l = 186 + q. Is l a prime number?
True
Suppose 0 = -5*i - 3*t + 24, -4*i + 18 = t + t. Suppose -5*j = -i*m - 209 - 47, 0 = 4*j - 5*m - 197. Is j a composite number?
False
Is -4 + 1 + (122 - -2) a prime number?
False
Suppose 3*n - 65 = 5*h + 93, -4*h = n - 47. Suppose 4*z = z + 3*k + 42, 4*z - 5*k = n. Is z a composite number?
False
Let s(f) be the second derivative of f**4/4 + f**3/2 - 7*f**2/2 + f. Is s(7) a composite number?
True
Suppose -g = -3*g + 6. Suppose 0 = -4*z - 7 + g. Let x(j) = -37*j. Is x(z) a composite number?
False
Suppose 2*p - 673 - 219 = 0. Is p a composite number?
True
Let o(p) = p**2 - 17. Suppose -3*t - 42 = -6*t. Is o(t) a prime number?
True
Is (-256 + -7)*(-3)/3 composite?
False
Let c = -283 - -1242. Is c a prime number?
False
Suppose 0 = d + 3*d. Suppose -g + 95 - 28 = d. Is g prime?
True
Suppose 0 = 2*s - 2*n - 1096, n = -3*n - 12. Is s a prime number?
False
Let j(m) = m**3 + 9*m**2 - 6*m + 3. Is j(-7) a prime number?
False
Suppose 20 = -2*d + 6*d. Suppose -3*x - k + 4 + 3 = 0, -d*x - 4*k = -14. Suppose -x*t + 190 = 4*y, 3*y + 2*t = -2*t + 135. Is y a composite number?
True
Let d = 66 - -101. Is d a prime number?
True
Is ((-12)/(-3))/8*388 composite?
True
Let m(v) = -v**3 - v**2 - 2*v - 3. Let h = -10 - -8. Let j be m(h). Suppose j*d - 735 + 100 = 0. Is d composite?
False
Let g(h) = -h**2 - 4*h + 14. Let f be g(-6). Suppose 6*a - f*a - 132 = 0. Is a a prime number?
False
Let c = 7 + -2. Suppose 0 = 2*n - 10, -273 = c*f + 5*n - 683. Is f a prime number?
False
Let y(h) = -2261*h - 4. Is y(-3) a composite number?
False
Let u be 2/11 + 984/33. Let b = 23 + u. Is b composite?
False
Let f = 9 - 4. Suppose -5*k + 373 = 2*l + l, -f*k = -2*l + 232. Is l prime?
False
Is 18/45*5*83 prime?
False
Suppose -p + 6 + 53 = 0. Is p composite?
False
Let w = 11 - 11. Suppose -h + 25 = -w*h. Is h a prime number?
False
Suppose -c + 6 = 4*f - 61, -141 = -3*c + 3*f. Is c a composite number?
True
Suppose 6*a = 3*a + 222. Suppose -a = -2*j - 0. Is j a composite number?
False
Let t(d) = -d**3 + 5*d**2 + 7*d - 4. Let n be t(6). Suppose n*y = -y + 147. Is y prime?
False
Let s(g) = -g**3 - 6*g**2 + 5*g - 9. Let c be s(-7). Suppose c*x - 750 = u, 0 = 5*x - u + 5*u - 725. Is x a prime number?
True
Let k be 4/(2/(0 - -2)). Let h = -4 + k. Suppose -4 = -4*o + 4, -2*b - 3*o + 18 = h. Is b prime?
False
Let a(m) = -479*m - 5. Is a(-2) composite?
False
Let q(r) = 145*r + 2. Suppose 7 = 3*w + 1. Let u be q(w). Let f = u - 143. Is f a composite number?
False
Suppose 4*m = -0*k + k + 1300, 4 = k. Is m a composite number?
True
Suppose 5*u - 468 = -2*l + 3*l, -4*u + 2*l + 378 = 0. Is u a composite number?
True
Is (3801/14)/(1/2) a composite number?
True
Let c be 0*(-4 - -3) - 20. Is (-5275)/c + (-3)/4 a composite number?
False
Suppose t + 60 = 318. Suppose 4*x + 16 = 0, 5*l + x + x = -913. Let a = l + t. Is a a composite number?
True
Suppose 3*c - 146 = -5*k + 1433, -4*k - 3*c + 1262 = 0. Is k a prime number?
True
Suppose -4*z + 8984 = 4*z. Is z a prime number?
True
Suppose -2*x = -7*x + 30. Suppose 0 = -7*z + x*z + 31. Is z a composite number?
False
Suppose 2*l - 290 = -4*m, -4*m - 5*l + 157 = -2*m. Is m a prime number?
True
Let z = -6 + 10. Let p = -6 + z. Is 16/(-12)*33/p prime?
False
Let o = 5 + 0. Let i = 5 + o. Is i prime?
False
Let x(l) = 6*l**3 - 8*l + 9. Is x(8) composite?
True
Let r(u) = 5*u + 3. Let p be (-2)/12*-2*12. Suppose c - p = -0*c. Is r(c) a prime number?
True
Let l = -519 + 730. Is l a prime number?
True
Suppose k - 665 + 114 = 0. Is k composite?
True
Let o = 3 - -1. Suppose 8*l - 11 = -4*u + 3*l, -o*l - 56 = -4*u. Let q(h) = 13*h + 2. Is q(u) a prime number?
False
Suppose 0 = -p + 2. Let z be (-5)/2*(-4 + p). Suppose -z = 2*d - 79. Is d a prime number?
True
Suppose -630 - 77 = -a. Is a a prime number?
False
Let f(w) be the first derivative of -5*w**2 + 5*w + 3. Is f(-11) composite?
True
Let v be (2/(-6))/((-5)/885). Suppose -25 = 3*r + 4*u, 4*r + v = 3*u - 16. Is 5/r - (-404)/6 prime?
True
Is 166 - (-4)/((-16)/(-12)) a prime number?
False
Let j(h) = -h**2 - 7*h - 6. Let t be j(-5). Is 31555/45 + t/(-18) a prime number?
True
Suppose p - 2 = -0*t + 2*t, 0 = -2*p + 5*t. Let g(i) = -1 + p*i - i + 2. Is g(4) a prime number?
True
Suppose -5*s + 689 = 2*p, -7*p + 2*p - 571 = -4*s. Is s prime?
True
Let a be 0*(2 + 15/(-6)). Suppose -2*o + 10 + a = 0. Suppose 20 = s - o. Is s composite?
True
Let w(m) = 11*m. Let c be w(3). Let y = 62 - -62. Let d = y - c. Is d a prime number?
False
Let k(g) = -34*g**3 + g**2 + g + 1. Let w = 6 - 7. Is k(w) composite?
True
Let k = 5 - -56. Suppose 3*l + k = 238. Is l a composite number?
False
Is (-186)/6*2/(-2) a prime number?
True
Let v(x) be the second derivative of -x**4/12 + 7*x**3/6 - x**2/2 - 3*x. Is v(5) composite?
True
Let q(c) = -2*c**2 - 8*c - 3. Let a be q(-5). Let g = 22 - a. Is g a composite number?
True
Suppose -4*t + 4*p = -1184, 4*t - 4*p = p + 1181. Is t a composite number?
True
Let w = 607 - 170. Is w prime?
False
Let v = 2138 - 405. Is v prime?
True
Let r(m) = -m**3 - 2*m**2 - 2*m - 1. Let c be (-5)/3 - (-4)/(-12). Let u be r(c). Suppose 3*b = -6*a + u*a + 48, 4*b - 55 = 5*a. Is b a prime number?
False
Let a be 3/(-2)*(-14)/3. Suppose a = g - 12. Is g prime?
True
Suppose -3*r = 4 - 13. Suppose -r*y + 39 = h + h, 2*h = 5*y + 63. Suppose -3*d = -2*s + h, 2*d + 2*d + 28 = 2*s. Is s composite?
True
Let i be (-115)/35 + 2/7. Is -1*(-34 + i) - 2 a prime number?
False
Let y = 2 + 5. Suppose y*i = 3*i + 308. Is i a prime number?
False
Let t(f) = -f**3 + 11*f**2 + 13*f + 7. Suppose 29 = 2*b + 5. Is t(b) a prime number?
True
Let z be 0*(5/(-2))/(-5). Suppose 4*i - 4 = z, s + 2*i = -0*s + 53. Is s composite?
True
Let a be (-3)/6 + 7/2. Let d(o) = 3*o - 4. Let v be d(a). Let q(n) = n**2 - 4*n - 1. Is q(v) prime?
False
Let f(c) = -5*c**3 + 3*c + 3. Suppose 0 = 3*q - 4*z - 32, z + 12 = -2*q - 3*z. Suppose 0 = 3*g + 4*m - 14, -g = -0*g + q*m - 18. Is f(g) a prime number?
True
Let i(d) = 31*d**2 + 3. Is i(4) composite?
False
Suppose -4*h = -4370 - 2834. Is h a prime number?
True
Let d(f) = -f - 1. Let w be d(-3). Suppose 2*p = -o - 3*o + 314, w*o - 156 = -2*p. Is o prime?
True
Suppose 5*t = q + 2*q + 6988, -3*q = t - 1394. Is t prime?
False
Suppose 5*i - 4*t + 55 = 0, i + 3*t + 22 = -i. Let r = 3 - i. Is r prime?
False
Suppose 0 = -4*g - 5*w - 21, 4*g = 2*g + w - 7. Let t be (1/3)/(g/(-372)). Suppose -3*s + 0*s - 4*j + 33 = 0, 4*s + j = t. Is s a prime number?
True
Suppose 0 = 3*x - 5*w - 1132, -3*w = -4*x - 0*w + 1513. Is x a prime number?
True
Suppose -3*l - 3*b - 33 = 0, 2*b - 50 = 5*l - l. Let f = l + 33. Is f a prime number?
False
Suppose -2*f + 6*f = 4*c + 308, c - 2 = 0. Let n be f + 1*(-3 - -1). Let i = n + -46. Is i prime?
True
Let s(o) = o**2 - 4*o + 2. Let x be s(4). Suppose -x*j + 40 = -5*a, -5*j + 22 = -a - 32. Is j composite?
True
Suppose 395 = s - 2*j, -j - 1022 = -2*s - 217. Let r = -285 + s. Suppose -5*d = -r + 10. Is d a prime number?
False
Let z be (-3 - -34)*1 + -2. Suppose -47 - z = -2*m. Is m composite?
True
Let l be (-3)/(1/3 - 0). Is (-2534)/(-18) + (-2)/l a composite number?
True
Let i be -3 - -3*(1 - 2). Is 9/i*(-268)/6 a composite number?
False
Let a be 1/1*(-3 - 2). Let q(y) = y - 2 - 33*y + 7*y - 2. Is q(a) a prime number?
False
Let b = 1 + 3. Suppose 0 = -3*r - 3*d + 15, -5*d = b*r - 3 - 15. Is r a prime number?
True
Suppose 5*t - 2*w